1
Convert 13 (base 9) to base 13.
c
What is -6 (base 9) in base 14?
-6
1 (base 16) to base 8
1
37 (base 11) to base 2
101000
What is -2 (base 11) in base 15?
-2
-24 (base 15) to base 4
-202
27 (base 8) to base 4
113
Convert -6 (base 7) to base 14.
-6
Convert 111000 (base 2) to base 6.
132
10 (base 6) to base 11
6
What is 14 (base 8) in base 9?
13
What is -3 (base 9) in base 12?
-3
Convert 1 (base 16) to base 14.
1
12 (base 4) to base 7
6
What is 7b (base 13) in base 6?
250
-110 (base 3) to base 11
-11
11 (base 13) to base 9
15
What is 36 (base 7) in base 2?
11011
Convert 0 (base 12) to base 15.
0
What is 110 (base 4) in base 11?
19
Convert -7 (base 8) to base 3.
-21
What is 7 (base 10) in base 16?
7
What is 4 (base 8) in base 6?
4
What is -110 (base 2) in base 8?
-6
Convert -323 (base 4) to base 8.
-73
-11 (base 5) to base 10
-6
-102 (base 10) to base 15
-6c
8 (base 9) to base 8
10
What is 7 (base 16) in base 4?
13
What is -1000 (base 4) in base 2?
-1000000
What is -114 (base 7) in base 6?
-140
Convert 100011 (base 2) to base 9.
38
What is -3 (base 14) in base 7?
-3
Convert 11 (base 13) to base 5.
24
Convert 0 (base 16) to base 14.
0
-32 (base 4) to base 12
-12
What is -110 (base 2) in base 13?
-6
What is 74 (base 11) in base 13?
63
Convert 173 (base 10) to base 8.
255
Convert a8 (base 15) to base 4.
2132
2 (base 4) to base 2
10
What is 0 (base 11) in base 4?
0
f7 (base 16) to base 4
3313
15 (base 12) to base 11
16
1 (base 14) to base 9
1
Convert 15 (base 9) to base 8.
16
-2 (base 4) to base 16
-2
-22002 (base 3) to base 2
-11011010
83 (base 9) to base 12
63
What is 3 (base 9) in base 15?
3
Convert -50 (base 16) to base 10.
-80
4 (base 16) to base 12
4
-74 (base 12) to base 2
-1011000
Convert 312 (base 5) to base 3.
10001
Convert -8 (base 11) to base 9.
-8
What is 37 (base 16) in base 3?
2001
-24a (base 12) to base 5
-2341
Convert -3 (base 9) to base 8.
-3
Convert 26 (base 7) to base 2.
10100
1011 (base 4) to base 13
54
Convert -8c (base 15) to base 8.
-204
Convert -1124 (base 6) to base 9.
-327
Convert -111 (base 8) to base 3.
-2201
-1 (base 16) to base 11
-1
11 (base 3) to base 13
4
What is -332 (base 4) in base 14?
-46
Convert -20112 (base 3) to base 9.
-215
What is -194 (base 11) in base 9?
-268
Convert -1310 (base 5) to base 13.
-12a
What is -54 (base 11) in base 8?
-73
What is 5 (base 8) in base 7?
5
Convert 3 (base 4) to base 3.
10
b5 (base 15) to base 4
2222
What is 3 (base 11) in base 7?
3
What is 104 (base 8) in base 5?
233
Convert -102 (base 3) to base 12.
-b
What is 2 (base 12) in base 13?
2
What is 5 (base 16) in base 12?
5
Convert 243 (base 6) to base 3.
10200
What is 43 (base 5) in base 16?
17
What is 127 (base 14) in base 4?
3213
Convert -5 (base 6) to base 8.
-5
-21 (base 10) to base 16
-15
101 (base 2) to base 11
5
What is 46 (base 7) in base 9?
37
Convert 22 (base 16) to base 2.
100010
What is -2b (base 15) in base 14?
-2d
-100 (base 2) to base 11
-4
1 (base 9) to base 10
1
-4d (base 14) to base 11
-63
-3 (base 10) to base 15
-3
What is -10 (base 3) in base 11?
-3
What is 0 (base 13) in base 3?
0
What is -2 (base 4) in base 2?
-10
Convert 3 (base 6) to base 4.
3
What is -406 (base 9) in base 14?
-198
Convert 8 (base 11) to base 16.
8
What is 22 (base 15) in base 12?
28
12 (base 13) to base 12
13
100111111 (base 2) to base 5
2234
What is 10 (base 13) in base 15?
d
Convert 0 (base 5) to base 9.
0
Convert 35 (base 13) to base 5.
134
What is -103 (base 11) in base 9?
-147
What is 1 (base 4) in base 3?
1
4 (base 10) to base 5
4
50 (base 15) to base 5
300
Convert -1 (base 2) to base 6.
-1
What is 1 (base 5) in base 15?
1
Convert 10 (base 9) to base 14.
9
3 (base 12) to base 11
3
32 (base 4) to base 5
24
Convert 6 (base 7) to base 11.
6
Convert -314 (base 7) to base 2.
-10011110
What is 0 (base 7) in base 5?
0
What is -8a (base 16) in base 12?
-b6
What is 105 (base 10) in base 5?
410
Convert 3 (base 13) to base 12.
3
What is -3 (base 12) in base 7?
-3
202 (base 5) to base 13
40
What is 41 (base 5) in base 2?
10101
What is -10 (base 6) in base 2?
-110
b (base 13) to base 12
b
Convert 4 (base 16) to base 12.
4
-221 (base 3) to base 2
-11001
Convert -37 (base 16) to base 5.
-210
What is 13 (base 7) in base 10?
10
What is 61 (base 8) in base 9?
54
-40 (base 6) to base 14
-1a
Convert 146 (base 10) to base 7.
266
-54 (base 9) to base 8
-61
What is -2 (base 11) in base 8?
-2
-18 (base 9) to base 5
-32
What is 1 (base 6) in base 11?
1
What is 23 (base 8) in base 4?
103
What is -9 (base 11) in base 8?
-11
Convert -2 (base 6) to base 3.
-2
What is -38 (base 15) in base 16?
-35
-2122 (base 4) to base 3
-12201
226 (base 11) to base 5
2040
Convert -10 (base 5) to base 13.
-5
11001 (base 2) to base 14
1b
3 (base 12) to base 5
3
-10011000 (base 2) to base 8
-230
Convert 14 (base 6) to base 11.
a
What is -8 (base 15) in base 6?
-12
Convert 505 (base 6) to base 11.
159
Convert 2 (base 7) to base 9.
2
Convert -18 (base 13) to base 14.
-17
200 (base 3) to base 7
24
-424 (base 8) to base 7
-543
What is 2110 (base 4) in base 16?
94
Convert 111 (base 3) to base 12.
11
What is 6 (base 16) in base 2?
110
Convert -27 (base 10) to base 12.
-23
b (base 16) to base 12
b
What is -4 (base 5) in base 14?
-4
What is -37 (base 9) in base 11?
-31
-18 (base 14) to base 9
-24
Convert 2 (base 6) to base 12.
2
Convert -12b (base 12) to base 3.
-20122
11 (base 2) to base 3
10
What is 1 (base 4) in base 10?
1
-5 (base 9) to base 4
-11
Convert 14 (base 13) to base 12.
15
What is 1 (base 13) in base 2?
1
-35 (base 7) to base 4
-122
Convert 4 (base 15) to base 2.
100
What is 1 (base 7) in base 3?
1
Convert -10111 (base 2) to base 8.
-27
What is -1 (base 7) in base 10?
-1
What is -22 (base 6) in base 3?
-112
What is -101 (base 3) in base 15?
-a
Convert 40 (base 16) to base 5.
224
Convert -10 (base 3) to base 7.
-3
2 (base 14) to base 4
2
Convert -313 (base 4) to base 8.
-67
Convert 10 (base 3) to base 6.
3
Convert -4 (base 15) to base 13.
-4
What is 2 (base 14) in base 2?
10
Convert 12 (base 4) to base 11.
6
What is 0 (base 14) in base 9?
0
62 (base 12) to base 3
2202
9 (base 12) to base 7
12
What is -10 (base 10) in base 12?
-a
What is 165 (base 8) in base 9?
140
19 (base 15) to base 14
1a
What is 9 (base 11) in base 15?
9
Convert 64 (base 9) to base 15.
3d
What is 34 (base 10) in base 7?
46
4 (base 6) to base 12
4
What is 10 (base 8) in base 16?
8
What is 2 (base 5) in base 2?
10
-1a5 (base 12) to base 5
-2034
What is -12 (base 15) in base 5?
-32
-254 (base 8) to base 9
-211
Convert -20100 (base 3) to base 16.
-ab
Convert -101 (base 2) to base 6.
-5
22 (base 6) to base 13
11
Convert 8 (base 10) to base 6.
12
-2 (base 8) to base 9
-2
-137 (base 14) to base 7
-500
-70 (base 8) to base 4
-320
What is -23 (base 6) in base 9?
-16
-7 (base 10) to base 3
-21
9 (base 14) to base 13
9
What is 2 (base 15) in base 10?
2
Convert 13 (base 7) to base 4.
22
What is -13 (base 8) in base 13?
-b
What is 0 (base 12) in base 6?
0
Convert 9 (base 12) to base 11.
9
-1 (base 16) to base 14
-1
1 (base 6) to base 8
1
Convert -37 (base 13) to base 5.
-141
What is 3 (base 4) in base 15?
3
13 (base 16) to base 11
18
What is -55 (base 8) in base 2?
-101101
What is 110 (base 2) in base 3?
20
-101 (base 4) to base 14
-13
Convert -8 (base 9) to base 4.
-20
Convert -3 (base 16) to base 10.
-3
What is -3 (base 13) in base 5?
-3
What is 4 (base 11) in base 10?
4
Convert a7 (base 11) to base 8.
165
What is 6 (base 12) in base 4?
12
-ff (base 16) to base 5
-2010
What is 33 (base 10) in base 8?
41
-1101101 (base 2) to base 16
-6d
-44 (base 15) to base 5
-224
-30 (base 11) to base 4
-201
Convert 69 (base 11) to base 7.
135
Convert -3 (base 15) to base 10.
-3
Convert 23 (base 5) to base 14.
d
Convert 112 (base 6) to base 3.
1122
Convert -111 (base 3) to base 5.
-23
-53 (base 7) to base 3
-1102
-1 (base 4) to base 9
-1
Convert -69 (base 14) to base 4.
-1131
0 (base 2) to base 5
0
What is 6 (base 14) in base 13?
6
-45 (base 14) to base 7
-115
-2 (base 8) to base 2
-10
-3 (base 9) to base 15
-3
What is 372 (base 8) in base 2?
11111010
What is -205 (base 6) in base 10?
-77
What is -b9 (base 15) in base 4?
-2232
-39 (base 14) to base 12
-43
-3 (base 9) to base 7
-3
17 (base 8) to base 10
15
Convert -1 (base 16) 